 + n, 5*j = 4*m - 27. Is 3 a factor of m?
False
Let i be (1004/(-2))/(15 - 17). Suppose -4*u = 413 + i. Let w = -103 - u. Is w a multiple of 9?
True
Let i be (-260)/(-22) - 14/(-77). Suppose -3*r = r + i. Is (39 - 4 - 4) + r a multiple of 14?
True
Suppose -14 = 12*t - 19*t. Is (250/20)/(t/(-64)*-2) a multiple of 37?
False
Suppose -2*w - 3*w = -w. Suppose 3*i - 58 - 287 = w. Is i a multiple of 23?
True
Is 24 a factor of (4 + -24 + (-1 - 3))*-4?
True
Does 8 divide 1*32*(286/8)/11?
True
Let r(u) = u**3 + 13*u**2 + 11*u - 7. Let w be r(-12). Suppose -w*a - y + 71 = 0, y - 16 = -4*a + 41. Let x(h) = -h**2 + 15*h. Does 5 divide x(a)?
False
Suppose -g = -v + 5, 0 = -v - 4*g + 10 + 15. Let x(f) = -11*f - 10*f - 4*f + v*f. Does 15 divide x(-3)?
False
Let v be 2*(125/10 + -3). Let u(l) = -47*l + v*l + 1 + 2 + 18*l. Is u(-4) a multiple of 19?
False
Suppose -4*k - k = 65. Let o = 7 - k. Let r = 20 + o. Does 10 divide r?
True
Suppose -72 = 12*o - 7716. Is 8 a factor of o?
False
Suppose 50*j = 49*j - k + 777, -6 = -3*k. Is 11 a factor of j?
False
Let k be -2*3/9*60. Does 18 divide ((-344)/k)/((-1)/(-5))?
False
Suppose a = 2*q - 0*q + 162, -a + 159 = -3*q. Suppose -u = 2*u - a. Suppose -20*r + 24*r = u. Is r a multiple of 7?
True
Let y(n) be the first derivative of -n**4/4 - 5*n**3 - 11*n**2/2 + 48*n + 31. Is y(-14) a multiple of 2?
True
Suppose -187 = -4*g + 21. Does 26 divide g?
True
Suppose 15 = d - 13. Suppose 0 = o - 2*o + d. Suppose o = 3*t - 44. Does 6 divide t?
True
Let y be (42 - 48)/(6/4). Is 5 a factor of 1 + 18 - (-2 + y)/(-2)?
False
Suppose 0 = -10*c + 872 + 1208. Is 26 a factor of c?
True
Let a(s) = -3*s - 21. Let w be a(-9). Let z be 24/w - 999/(-3). Suppose 2*r - 3*t - 227 = -8*t, -4*t + z = 3*r. Is r a multiple of 37?
True
Let v(c) = 140*c + 30. Is 23 a factor of v(5)?
False
Let d(r) = -r**3 - 4*r**2 + 10*r + 15. Suppose -i = t - 13, -i + 25 = 3*t + 2*t. Let o be (-5)/i*(14 + -2). Is 27 a factor of d(o)?
True
Suppose -3*z + 232 = -4*a - 5*z, -5*a - 5*z = 285. Let g(r) = -2*r**2 - 2*r + 7. Let t be g(-5). Let w = t - a. Does 13 divide w?
True
Let q = -4 + 7. Let m(s) = 4*s**2 + 5*s - 3. Is m(q) a multiple of 12?
True
Let a = 4 + -2. Suppose 0 = l - a*l + 76. Let k = -50 + l. Is 9 a factor of k?
False
Let l(n) = 3*n**2 + 4*n - 1. Let g = -15 + 11. Let h be l(g). Suppose 2*p - 4*a - 160 = -2*p, p + 2*a - h = 0. Is p a multiple of 17?
False
Suppose -d = 2*n + 123, d + n = 5*n - 129. Let p be (8/(-20))/((-1)/d). Let j = p - -130. Is j a multiple of 18?
False
Let s(x) = 17*x**2 + 2. Let m(f) = -9*f**2 - 1. Let r(n) = -13*m(n) - 6*s(n). Let p be r(-1). Let q = p - 6. Does 4 divide q?
False
Let l(z) = -106*z**3 + 5*z**2 + 2*z - 1. Is l(-3) a multiple of 29?
True
Does 8 divide 10/15*(-240)/(-5)?
True
Let w = -1475 - -2054. Does 5 divide w?
False
Suppose -5*z - 25 = 0, -5*o - 4*z = -2*o + 20. Let i = -6 + o. Let a = i - -9. Is a even?
False
Suppose 2*i = -61 + 69. Suppose 2*j = -3*j - 5*u + 1075, j = 2*u + 200. Suppose j = i*y - y. Is 35 a factor of y?
True
Does 38 divide 2 - ((2 - 6) + -218 + -4)?
True
Suppose 25*p - 3222 - 78 = 0. Does 66 divide p?
True
Let c be 2 - (-3)/((-3)/(-22)). Suppose k + 2 = 0, n + 2 = 5*k - 7*k. Does 8 divide (c/(-18))/(n/(-36))?
True
Let b(c) = 6*c - 83. Does 5 divide b(20)?
False
Let z(y) = 55*y**2 - 2*y - 1. Suppose 2*d + 0*d + 2 = 0. Let u be z(d). Suppose 3*m + 5*t - 28 - 72 = 0, 2*m = 2*t + u. Is m a multiple of 15?
True
Let v(k) = 6*k**2 + 5*k - 2. Does 13 divide v(7)?
False
Is 23 a factor of 115 + 0*(-1 - (-15)/10)?
True
Suppose 0 = 3*h - z + 193, -h + 1 = -4*z + 58. Is 3 a factor of (-13)/h*(0 - -145)?
False
Let y(x) = -3*x**2 - 2*x + 1. Let q be y(-4). Let j = q - -46. Is j a multiple of 5?
False
Let n = 2 - 1. Let h be (-3)/(-1)*1/n. Suppose -h*v - 3*t - 2*t = -103, -6 = -v + 4*t. Is 13 a factor of v?
True
Suppose 4*t + t = -3*f - 14, 2*f = -6. Let g be (-2)/t - (-1 + 0). Is 8 a factor of 1 + (-3)/g*-11?
False
Suppose -4*r - 18 = -3*b - 2*r, 0 = 3*b + 3*r - 3. Suppose -b*c = -2*c + 10. Let z = c - -15. Does 10 divide z?
True
Let p(h) = h**2 + 6*h + 10. Let g be 1/(95/(-30) + 3). Is p(g) even?
True
Suppose 0 + 6 = -2*x. Let j(c) = -18*c - 2. Let q be j(x). Let z = q - 35. Does 17 divide z?
True
Suppose n - 19 + 7 = 0. Suppose -26*d + n*d + 2352 = 0. Is d a multiple of 28?
True
Suppose 2*a = 3*a + 75. Let s = 25 - a. Is 5 a factor of s?
True
Suppose -16*x = -11*x. Let b(f) = -f + 15. Let y be b(x). Suppose -10*q - 100 = -y*q. Does 4 divide q?
True
Suppose -269 = -11*q + 2701. Is q a multiple of 6?
True
Suppose -149 = -4*a - 5*g, -a = -3*g - 15 - 1. Does 17 divide a?
False
Suppose -4*h + 9*q + 2752 = 13*q, -5*h - 2*q = -3455. Is 79 a factor of h?
False
Suppose 0 = -110*t + 114*t - 1988. Is t a multiple of 6?
False
Let w(g) = g**2 - 7*g - 1. Let i be w(-5). Is i + (-4 + 1 - -3) a multiple of 14?
False
Let k(y) = y**2 - 9*y + 22. Let p be k(5). Suppose -w + 60 + p = 0. Does 7 divide w?
False
Does 14 divide 9/3 + -1 + 8*26?
True
Let f = -67 - -54. Does 6 divide f/52 - 361/(-4)?
True
Let x(t) = -34*t + 1. Let w be -1 + (-4)/(-1) + -4. Let f be x(w). Is (4 - -2)/(7/f) a multiple of 6?
True
Suppose u = -5*i + 22, -2*u + 32 = u - 2*i. Suppose -u*f + 340 = 5*f. Does 2 divide f?
True
Let o(f) = -f**3 - 5*f**2 - 2*f - 4. Let d(t) = t**3 - t**2. Let s(j) = -j. Let a be s(-2). Let w(c) = a*d(c) + o(c). Does 11 divide w(8)?
True
Let d(z) = -z**2 + 3*z + 4. Let f be d(3). Suppose 0 = 2*w - m - 6, -f*w + 0*w = -3*m - 10. Suppose -n + 13 = -w*g, -1 = 3*n - 4*g - 32. Is n a multiple of 2?
False
Is (-195 - (-4 - -8))*-1 - 2 a multiple of 3?
False
Let c(o) = -20*o - 1. Let w be -7 + -3 + 4 - -3. Is c(w) a multiple of 14?
False
Let k be (-2)/(2/231) - -4. Let c = k - -322. Is 19 a factor of c?
True
Suppose 4*j + 4*b + 752 = 0, -241 = 2*j + 4*b + 131. Let u = -114 - j. Does 38 divide u?
True
Suppose 2412 + 1250 = 3*w - 5*f, 4*f = 4*w - 4872. Does 24 divide w?
False
Let q(k) = 8*k - 3*k - 5*k - k**2 + 2 - 3*k**3 - k. Is 6 a factor of q(-2)?
True
Let j(z) = -210*z + 126. Is j(-2) a multiple of 21?
True
Suppose -4*b = z - 445, 5*b - 5*z = -7*z + 554. Is 14 a factor of b?
True
Does 2 divide (2100/(-10))/((-1)/(-4)*-4)?
True
Let j(z) = 4*z**2 + 8*z + 18. Does 13 divide j(8)?
True
Let u = -8 + 8. Suppose u = -4*h - 20 - 4. Does 14 divide h/4 + 93/6?
True
Let p(l) = l**2 - 5*l + 2. Let u be p(5). Let x(r) = u - 3*r**3 + 3*r**3 + r**3 + 7*r**2 + 2 + 2*r. Is 21 a factor of x(-5)?
False
Let r be 12/(-6) + 2 + -2. Is ((-15)/r)/(4/40) a multiple of 25?
True
Let o(n) = 9*n + 15 + 8 + 2 + 11*n. Does 52 divide o(13)?
False
Let a(h) be the first derivative of -5*h**2/2 + 9*h - 10. Is 29 a factor of a(-4)?
True
Let j(y) = 3*y**2 + y - 10. Let h be j(-3). Is 2 a factor of 2/h*(-5 - -3)*-14?
True
Suppose 0 = 3*j + 5*n - 29, 3*n = -2*j - 3*j + 27. Suppose 2*i = 25 + j. Does 5 divide i?
False
Let k(l) = -2*l**2 - 10*l + 11. Let v be k(-13). Let q = 277 + v. Does 20 divide q?
True
Let n(t) = 125*t**3 - 8*t**2 + 10*t - 8. Does 70 divide n(2)?
True
Let h(g) = -7*g**3 - 4*g**2 - 8*g - 2. Is 3 a factor of h(-2)?
True
Let y(u) = -u**3 - 4*u**2 - 2*u + 120. Does 6 divide y(0)?
True
Suppose 0 = 5*w - 3*g - 19, 12 + 5 = 3*w + g. Suppose -m - w = -2*x + 7, x + 5*m + 16 = 0. Suppose 4*l - 490 = j, 3*l - x*l + 4*j = -115. Is 27 a factor of l?
False
Let j = 21 - 21. Let n(r) = -r**3 - 5*r**2 - 12*r - 8. Let s be n(-8). Suppose 4*u + u - s = j. Is 14 a factor of u?
True
Is -5 + (-46496)/(-36) - (-8)/18 a multiple of 11?
True
Let n be -1*(-87 + -2) - -2. Let t = n + -38. Does 24 divide t?
False
Let b = 11 - 9. Does 7 divide (3 - b/1)*21?
True
Let u be ((-3 - -3)/3)/1. Suppose u = -5*y + 4*x + 18, 5*y + 4*x - 5*x - 27 = 0. Suppose -3*s = -r + y*r - 74, 2*s = -5*r + 76. Is r a multiple of 6?
False
Let p(l) = -l**3 + 14*l**2 - 10*l + 8. Suppose -3*k - 80 = -5*w, 4*w + k = -2*k + 37. Let d be p(w). Suppose 56 = 3*r + d. Is r a multiple of 2?
False
Let v(p) = -5*p + 4. Suppose -3*f + 0*h + 12 = -3*h, -6 = f + 4*h. Suppose c + 21 = -f*y + 4, -c - 5 = 0. Does 17 divide v(y)?
True
Suppose 39*u = 37*u - 6. Does 11 divide 6/9*u - (-99 + -3)?
False
Suppose -12*l + 32 = -14*l. Let g(k) = -4*k - 28. Does 12 divide g(l)?
True
Let w(s) = s - 1. Let j(z) = -2*z**3 + 4*z**2 + 5*z + 